- p*v - 64. Suppose u - 49 + a = 0. What is the tens digit of u?
3
Let l = -23 - -33. Suppose v = l*v - 468. What is the units digit of v?
2
Suppose 1688 + 1302 = 10*q. Let d = q + 5. What is the tens digit of d?
0
Suppose 3*c = -n + 123, -5*c - 540 = -4*n - c. Let r = -36 + n. What is the units digit of r?
6
Let c = 17 + 12. Suppose 0 = -5*g, l - c = -3*g + 8. What is the units digit of l?
7
What is the tens digit of 821 + -22 - (2 - 2)?
9
Let n(o) = 8*o + 4. Let b(f) = f - 7. Let s be b(0). Let j be n(s). Let l = j - -73. What is the units digit of l?
1
Suppose -3*o = 5*d - 200, 0 = 3*o - o. Suppose 0 = 4*f - 0*f + d. What is the tens digit of (-205)/f + 2/(-4)?
2
Let b(t) = 3*t**3 - 2*t**3 - 3*t**2 - 2 - 3*t - 2*t**3. Let n be b(-2). Suppose -f + 5 + 23 = n. What is the tens digit of f?
2
Suppose -2 = -s - 0. Let p(z) = 25*z**s + 3*z - 15*z**2 + z - z**3 + 4. What is the units digit of p(10)?
4
Let z = 22 - 22. Suppose -16 = 2*t + 4*x, 3*x + 1 = 4*t - z*x. What is the units digit of t - -2 - (1 - 7)?
6
Suppose 4*b - 21 = 5*v, 3*b + 0*v = v + 13. Suppose 0 = b*l - 12*l + 1440. What is the hundreds digit of l?
1
Let b be (114/15)/((-2)/10). Let d be ((-17)/(-4) + -1)*-4. Let l = d - b. What is the units digit of l?
5
Let m(f) = 66*f**3 + f**2 - 3*f + 2. Suppose 0 = -5*g - 5*w + 10, 0 = 4*g + w - 0 - 5. What is the units digit of m(g)?
6
Let t(d) = d**2 - 6*d + 7. Let n = 24 - 14. Let c be ((-8)/n)/(6/(-45)). What is the units digit of t(c)?
7
Let p(j) be the first derivative of -9*j**2 + 14*j - 30. What is the tens digit of p(-6)?
2
Suppose -2*l + 3*n + 9 = -10, 3*l = -5*n + 19. Let a(o) = o**3 - 8*o**2 + 3*o - 15. What is the units digit of a(l)?
9
Suppose 5*f - 16 = 4, 4*p + f - 12992 = 0. What is the tens digit of p?
4
Let h(z) = 3*z**3 - 6*z**2 - 5*z + 1. Let l be h(5). Suppose l = 3*n + 51. What is the tens digit of n?
5
Let t(l) = -11*l**3 + 5*l**2 - 5*l - 17. What is the units digit of t(-4)?
7
Let p(h) = 62*h**2 - 8*h + 72. What is the hundreds digit of p(7)?
0
Let a(w) be the second derivative of -w**3/6 + 2*w**2 - 8*w. Let h be a(5). What is the tens digit of 24 + 1 - (-2)/h?
2
Suppose 4*j - n - 4*n - 2229 = 0, -5*j = -5*n - 2780. What is the units digit of j?
1
Suppose 5*u - 7 = 3. What is the tens digit of 3 + (53 - (-1 + u))?
5
Let s(z) be the third derivative of 7*z**4/8 - 23*z**3/6 - 35*z**2. What is the hundreds digit of s(9)?
1
Suppose 3*a = -3*t + 2448, 2*a - 1623 = -3*t + 4*t. Let x = a + -561. What is the hundreds digit of x?
2
What is the units digit of (-1818)/(-30) - (-9)/(-15)?
0
Let d(v) = -19 + 281*v - 284*v + 66. What is the units digit of d(6)?
9
Suppose 0 = -2*s + 450 + 252. Suppose 2*x - s = -105. What is the hundreds digit of x?
1
Let i(d) = d**2 - d + 6. Let a be i(0). Suppose 0 = m - 3*m + a. What is the tens digit of -1*(m - (24 + 2))?
2
Let z(o) = -29*o + 37. Let t(j) = 5*j - 6. Let k(c) = -34*t(c) - 6*z(c). Let m(h) = 16*h - 115. Let p be m(8). What is the tens digit of k(p)?
3
Let l = 35 + -32. Suppose -l*s = -31 - 8. What is the tens digit of s?
1
Let o = -267 - -396. What is the units digit of o?
9
Let z be 5 + (-11 - -4) - -5. Suppose 3*y - 81 = -3*q, -4*q + 54 = -2*q - z*y. What is the tens digit of q?
2
Let o = 2714 - 1812. What is the tens digit of o?
0
Suppose 83*q = 82*q + 19. Let w(u) = 4*u - 46. What is the units digit of w(q)?
0
What is the tens digit of ((-299)/4 + 3)/((-44)/528)?
6
Let j(x) = -10*x - 5. Let i be j(-4). Let m = i + -19. Suppose 160 = 20*q - m*q. What is the tens digit of q?
4
Let f = -204 + 439. What is the tens digit of f?
3
Let x(j) = 17*j - 3. Let q be (-88)/16 - (-2)/(-4). Let r be (-2 - q) + (-4)/2. What is the units digit of x(r)?
1
Let w = 195 - -4. What is the units digit of w?
9
Let l(f) = 121*f - 1. What is the tens digit of l(19)?
9
Let p = -285 + 2481. What is the thousands digit of p?
2
Suppose -3*o + 23 = -37. Suppose -4*x - o = 0, -2*u + 3*x = 2*u - 319. What is the tens digit of u?
7
Let h(z) = -18*z**3 - z - 1. Let n(t) = t + 3. Let v be n(7). Let u = v + -11. What is the tens digit of h(u)?
1
Let h(a) = -a**3 - 19*a**2 + 9*a - 178. What is the units digit of h(-23)?
1
Suppose b = -18 + 20. What is the tens digit of (26/(-39))/(b/(-297))?
9
Let d = -18 + 6. Let x = -11 - d. What is the units digit of 1/((-12)/16 + x)?
4
Let o = 744 + -381. What is the hundreds digit of o?
3
Let g = -1967 + 2738. What is the units digit of g?
1
Let h = 32 - 29. Suppose 0 = h*x - 0*x - 42. Let d(w) = -w**2 + 14*w + 2. What is the units digit of d(x)?
2
Suppose -s - 1 = -5*c - 9, -s - 1 = 4*c. Let u = s - -27. What is the units digit of u?
0
Let a = -11 + 14. Let v(n) = 52*n - 7. What is the hundreds digit of v(a)?
1
Suppose 0 = -3*w - b + 6, 0*b - b - 15 = -4*w. Suppose 0*y = -y + a + 5, w = y + a. Suppose -93 = -y*p - 25. What is the units digit of p?
7
Let a(x) = -37*x - 69. What is the hundreds digit of a(-34)?
1
Let z(a) = 16*a + 347. What is the units digit of z(0)?
7
Let i(m) = 21*m - 1. Let y be i(1). Let r = 55 + y. Let k = -51 + r. What is the units digit of k?
4
Let y(w) = w**3 + 7*w**2 + 6*w + 5. Let d be y(-6). Let h = -5 + d. Suppose h = p + p - 32. What is the units digit of p?
6
Suppose -167*p + 173*p = 1656. What is the units digit of p?
6
Suppose 0 = -4*c - 10 + 74. Let m = c - 23. Let g = 12 + m. What is the units digit of g?
5
Let p(i) = 3*i**2 - 13*i + 1. Let t be p(7). Suppose 2*d - 13 = t. What is the units digit of d?
5
Let q(x) = -2*x**3 - 3*x**2 + 5*x - 3. Let g be q(-6). Suppose -4*c + g = 71. What is the tens digit of c?
5
Let w(h) = -h**2 - 17*h + 4. Let c(o) = -o**3 + 15*o**2 - 2*o + 17. Let q be c(15). What is the units digit of w(q)?
6
Suppose 889 = 2*t + 189. What is the hundreds digit of t?
3
Let g be 2*(-1 - 290/4). Let w = g - -229. What is the units digit of w?
2
Suppose p + 2*v = 39, -38 + 173 = 3*p - 3*v. Suppose 2*c - 55 = p. What is the units digit of c?
9
Suppose -4*a + 28 = 8. Suppose 4 = q + 4*v, 0*q - v + 4 = q. Suppose -a*b + q*u = -1, -3*u + 3 = -0. What is the units digit of b?
1
Let n(a) = -3 + 0 - 3*a + 3*a**2 - 6 + 5. What is the units digit of n(-4)?
6
Let j(g) = -7*g**2 + 5*g + 4. Let i(y) = y**2 - y. Let m(s) = -6*i(s) - j(s). What is the units digit of m(4)?
6
What is the units digit of 5/2 + 63777/42?
1
Let s(k) = -10*k - 7. Let x(l) = l. Let j = -3 + 2. Let a(y) = j*s(y) - x(y). What is the tens digit of a(3)?
3
Let q(p) = p**3 - 10*p**2 + 18*p - 62. What is the hundreds digit of q(14)?
9
Suppose -2*t + 9 = 7. Let p(v) = -53*v**3 + v - 2. Let m be p(t). What is the units digit of (-6 + 2 - m) + -4?
6
Suppose 2*c - 1797 = 3595. What is the tens digit of c?
9
Let k(i) = i + 5. Let f be k(-4). Suppose -f = 2*g - 3. Suppose 0 = 2*c - 5*l - 46, 2*l = 3 + g. What is the tens digit of c?
2
Let k = 9 - 0. Suppose f - 2*x - 23 = k, 4*x = -20. What is the units digit of f?
2
Suppose -3*w + 21 = 4*w. Let t(b) = 2*b - 7 - 5 - 11*b - 8*b**2 - b**w. What is the units digit of t(-8)?
0
Let p = 79 + -56. Let k = p + -20. Suppose k*b - 69 = -0*u - 2*u, 4*u = -5*b + 141. What is the units digit of u?
9
Let a(f) = 28*f - 7. Let l be a(5). Suppose -2*b + 279 = -l. Let h = -145 + b. What is the units digit of h?
1
Suppose y = 3*z - 1043 - 1395, -2*y = -z + 816. What is the hundreds digit of z?
8
Suppose 5*n - 157 = -37. What is the units digit of 3 + 3/2*976/n?
4
Let v = -14 - -46. Let g = v + -15. What is the units digit of g?
7
Suppose 4*t = 7 - 23, -4*s - 5*t + 544 = 0. Let y be s/27 + 4/(-18). Suppose 2*g - y*g = -42. What is the units digit of g?
4
Suppose -50*a = -10*a - 73920. What is the tens digit of a?
4
Let r = 13 - 12. What is the units digit of 13 + (r - 4)/3?
2
Let x be (613/(-6) - 3) + 8/48. What is the tens digit of (-894)/(-8)*5*(-56)/x?
9
Suppose 3*r = -d + 10, -2*r + 0*d = 3*d - 2. Suppose t + 3*t = r*g + 204, 5*t - 243 = -g. What is the units digit of t?
9
What is the units digit of (-13 + (-272)/(-16))/((-8)/(-1878))?
9
Let d be (-16)/(-24) - 2/3. Let o be 24 + (-1 - d)*0. Let g = o - -12. What is the units digit of g?
6
Suppose -6*d + 1419 + 207 = 0. What is the units digit of d?
1
Let k(c) = 2*c**3 - 57*c**2 - 83*c - 66. What is the units digit of k(32)?
6
Let k = 14 + -33. Suppose -t = 1 + 2. Let o = t - k. What is t